 + i = 3*g. Suppose g*u - 3 = 1. What is the units digit of u?
1
Let i(x) be the second derivative of x**3/6 + 5*x**2/2 + 3*x. What is the units digit of i(0)?
5
What is the tens digit of (-3 - (3 - -15))*(-3 - -2)?
2
Let m(j) = j**3 + 4*j**2 - 2*j - 5. Let n be m(-4). Let a be (n/(-2))/((-3)/8). Suppose 9*r - 40 = a*r. What is the units digit of r?
8
Let c(q) = 4*q**2 + 11*q - 4. What is the tens digit of c(-5)?
4
Let j(c) = 7 - 4 - c**2 - 4*c + 3. What is the units digit of j(-5)?
1
Let t(a) = a**3 - 4*a**2 + 3*a + 3. What is the units digit of t(3)?
3
Let b be 494/(-6) + 2/(-3). Let g be 4/10 + b/(-5). Let r = g - 12. What is the units digit of r?
5
Let d = -124 - -368. What is the units digit of d?
4
Suppose 4*p + 4 = -4. Let k be 2*(1/p - -2). Suppose k*o - 17 - 7 = 0. What is the units digit of o?
8
Let i = 3 - 2. Suppose i = -5*z - 4. What is the units digit of (z + 3)*10/4?
5
Let m(x) = x - 1. Let g = -3 - -6. Let r be m(g). Suppose -r*y + 12 = 2. What is the units digit of y?
5
Suppose -5*a = 5, 23 + 453 = 2*v + 2*a. What is the hundreds digit of v?
2
Let p = 74 + 17. What is the tens digit of p?
9
Let o(s) = -s**2 + 10*s - 2. Let a be o(10). Let h(b) = -2*b - 2. What is the units digit of h(a)?
2
Let i be (3 + 6)*(-4)/6. Let l(z) = z**3 + 6*z**2 + z - 7. Let r be l(i). Let m = r + 19. What is the units digit of m?
6
Let g(h) = -h**3 + 5*h**2 - 3*h + 3. Let b be g(5). What is the units digit of (-2)/(-7) + b/(-7)?
2
Suppose -24 = -w - 0*w. What is the units digit of ((-6)/(-4))/(9/w)?
4
Suppose 7*n - 2*n - 75 = 0. Let z(v) = -v - 5. Let j be z(-7). Suppose -n = -j*i - 1. What is the units digit of i?
7
Let r be (35/(-20))/((-2)/16). Let v = -4 + r. Let z(o) = o - 5. What is the units digit of z(v)?
5
Let l(a) = a**2 - 9*a + 8. Let y be l(8). Let r be (-1 - (1 + y)) + 6. What is the units digit of r + -7 + (13 - 0)?
0
Let y(w) = 8*w**2 + w**3 - 2*w - 8 - 1 - w**2. Let s(i) = i**3 + 6*i**2 - 7. Let j be s(-6). What is the units digit of y(j)?
5
Let s(f) = -f**2 + 8*f - 9. Let u be s(7). Let t(z) = z**2 + 2*z + 2. What is the units digit of t(u)?
2
Let h(w) = 15*w**3 + w**2 - 1. Let s be h(-1). Let z be (65/s)/((-1)/3). Suppose f - 2*f + z = 0. What is the units digit of f?
3
Let g(t) = -2*t + 3*t + 0*t - 3 + 5. Let f be g(-1). What is the units digit of f*1*11/1?
1
Suppose 7*p = 2*p - 4*t + 414, 4*t = 4*p - 324. Let l = p - 48. What is the units digit of l?
4
Let c = 3 + -1. Let g(j) = 6*j**2 - 4*j - 3*j**c + 3*j. What is the units digit of g(1)?
2
What is the tens digit of (-173)/((0 - -3)*(-5)/15)?
7
Let y = 6 - 25. Let r = -6 - y. What is the tens digit of r/1*(3 + -2)?
1
Let n = -3 - -2. Suppose -7 = -3*b + 2*i, -5*i + 9 = 2*b - 2*i. Let r = b - n. What is the units digit of r?
4
Suppose -21*h + 19 = -20*h. What is the units digit of h?
9
Suppose 0*t = -t + 2. Let b = 0 + t. What is the units digit of b?
2
What is the units digit of ((-451)/(-22))/(2/8)?
2
Suppose 4*b - 6 = 5*z + 9, b + 4*z - 9 = 0. Let g = b + 13. What is the units digit of g?
8
Suppose 0 = 10*q - 11*q + 207. What is the tens digit of q?
0
Let w(r) = -r**3 + 5*r**2 - 3*r + 2. Let h(y) = -y**2 + 3*y - 1. Let n be h(2). Let d be -3 + (-7)/((-1)/n). What is the units digit of w(d)?
6
Let m be 6/12 - (-2)/(-4). Let t = m - -2. What is the units digit of t?
2
Let m(n) = n + 5. Let l be m(-7). Let s be l*2/8*4. What is the units digit of (-4 + -1)/(s/4)?
0
Suppose -4*f - 39 = -5*t, 6*t - 3*t + 3*f - 18 = 0. Let r = t - -11. What is the tens digit of r?
1
Let b be (-5)/(-3)*(-51)/(-17). What is the units digit of b + -3 + 2 + 24?
8
Let h be 2/(56/12 - 4). Suppose 0 = -x - h*x + 16. What is the units digit of x?
4
Let a(u) = -u**3 - 9*u**2 + u + 12. Let d be a(-9). Suppose d*m - 8 - 25 = 0. What is the units digit of m?
1
Let z(w) = -w**3 - w**2. Let l be z(3). Let d = l - -14. Let h = -11 - d. What is the tens digit of h?
1
Let h = 41 - -13. What is the tens digit of h?
5
Suppose -2 - 13 = -3*m. What is the units digit of m - (-2 + 4 - 6)?
9
Suppose 3*m + 2*w - 21 = 204, 2*w = 5*m - 375. Let a = m + -29. What is the tens digit of a?
4
Let r be 2/(4/(-12)*2). What is the units digit of ((-3 - -81)/r)/(-2)?
3
Suppose 17*d - 84 = 14*d. Let i = 39 - d. What is the tens digit of i?
1
Let v be 1/1*(0 - 4). Let z = v - 0. Let i = 17 + z. What is the units digit of i?
3
Let d = -40 - -28. Let g = 25 + d. What is the units digit of g?
3
Let d(a) = -a**2 - 6*a + 9. Suppose 2 = -5*p + 7. Suppose -p = i + 6. What is the units digit of d(i)?
2
Suppose 7*n - 372 = n. What is the tens digit of n?
6
Let p(d) = -d**2 - 11*d - 11. Suppose -m + 0*m - 9 = 0. Let r be p(m). Suppose -4*n - 21 = -r*n. What is the units digit of n?
7
Suppose 0 = -4*k + 2*k - 5*m + 89, -k = -m - 27. What is the units digit of k?
2
Let m be -2 - (-6)/(-3) - 0. What is the units digit of (-976)/(-48) + m/(-6)?
1
Let p(r) = r + 5. Let k be p(-2). Let o be ((-9)/(-6))/(3/8). Suppose 5*c - 8 - 90 = o*j, k*j - 48 = -3*c. What is the units digit of c?
8
Suppose k = 5*v - 8 - 9, -4*v = 2*k - 8. Let j(z) = -6*z - 9. Let t be j(-5). Suppose -3*i - t = -2*l + 6, -4*l + 9 = v*i. What is the units digit of l?
6
Let g = -19 + 40. What is the units digit of g?
1
Suppose r - 30 = -3*z, 0*r + z = -2*r + 60. What is the units digit of r?
0
Let j(k) = -2*k + 2. Let p(h) = -h + 5*h - 3*h. Let b(g) = -2*j(g) - 2*p(g). What is the units digit of b(5)?
6
Let n = 59 + -29. What is the units digit of 150/(-9)*(-36)/n?
0
Let q = 5 - -49. What is the tens digit of q?
5
Suppose -5*s + 2*s = -60. What is the units digit of s?
0
Let k(y) = -y**2 + 2*y + 23. What is the units digit of k(0)?
3
Suppose 3*h - 3*g - 27 = 0, -18 - 25 = -4*h - 3*g. Suppose k + 0*v - 4*v = -h, -26 = -3*k - 2*v. What is the units digit of k?
6
Let d be 2*-3 + 0/(-3). Let g = d - -3. Let f = 4 + g. What is the units digit of f?
1
Let b = 11 - -17. What is the units digit of b?
8
Suppose 0 = 2*n + 4*d - 98, 0 = -7*d + 2*d - 25. What is the units digit of n?
9
Let x(o) = 7*o**2 + 1. Let u be x(1). Suppose -u = -t - 0*t. What is the units digit of t?
8
Let o = 467 - 275. What is the hundreds digit of o?
1
Let f = 6 + -6. Suppose 4*m = s - 2*s + 115, -m - 3*s + 26 = f. Let z = 47 - m. What is the units digit of z?
8
Suppose -3*q = -0*q - 600. Let v be (-15)/(-10)*q/6. Let i = -36 + v. What is the tens digit of i?
1
Let f(o) = -3*o - 7. Let x(n) = 2*n + 7. Let q(r) = 4*f(r) + 3*x(r). Let k be q(-7). Suppose -4*g = 4*u + g - k, 11 = u - g. What is the tens digit of u?
1
Suppose 4*b = 72 + 4. What is the tens digit of b?
1
Let w = 48 - 76. Let i = w - -52. What is the units digit of i?
4
Let t = 53 + -38. What is the tens digit of t?
1
Let q = -14 - -32. Let c = q + -3. What is the units digit of c?
5
Let s(k) = 2*k**2 + 4*k - 1. Let n(m) = m - 10. Let q be (-19)/(-3) + 12/18. Let p be n(q). What is the units digit of s(p)?
5
What is the tens digit of (27/6 - 3)/((-8)/(-1872))?
5
Suppose -3198 = 2*n - 15*n. What is the hundreds digit of n?
2
Let q be (0 + -1)*-2*2. Suppose q*n - 5 = 3. Suppose 0 = 5*s + 3*h - 115, 3*h = n*s - 0*h - 25. What is the tens digit of s?
2
Suppose -j + 18 = -4*h, 5*h + 2*j + 19 = 5*j. Let p be (-25)/h*(-12)/(-10). Let y = p + 5. What is the units digit of y?
1
Let u(a) = 41*a. What is the tens digit of u(1)?
4
Let t = -11 - -30. What is the tens digit of t?
1
Let h(x) = x - 11. Let b(d) = 10*d**2 - d. Let s be b(-1). Let v be h(s). Suppose v = t - 0*t - 6. What is the units digit of t?
6
Let b = 4 + -4. Suppose 3*p - 3 = 54. Suppose b = -2*r + 9 + p. What is the tens digit of r?
1
Let v be (-2 + 9)*(-6)/7. Let y be (-3 + 1)*3/v. Suppose -3*n = 3*w, -5*w + 21 = -5*n + y. What is the units digit of w?
2
Suppose 5*s = -2*o + s + 22, 0 = -5*o - s + 100. What is the tens digit of o?
2
Suppose 6*d - 103 = 83. Let i = -13 + d. What is the units digit of i?
8
Let s = 16 + -11. Suppose 30 = 5*x - o, s*x + 15 = 2*o + 40. What is the units digit of x?
7
Suppose 10 = 5*k - n, -3*k + n - 16 = -4*n. Let v be 3/12*(-7 + 3). What is the units digit of k/(-2)*(v - 1)?
3
What is the tens digit of (8/(-3))/((-32)/528)?
4
Let p(i) be the second derivative of 0 + 1/6*i**3 - 3*i + 2*i**2. What is the units digit of p(6)?
0
Let p = 7 + -3. Suppose -5*g + p = -g. What